5*c**2 - 1. Let l(i) = m*w(i) - 7*d(i). Determine l(-1).
2
Let s(b) = -26*b**3 - 33*b**2 - 30*b + 25. Let j(o) = -6*o**3 - 7*o**2 - 7*o + 6. Let k(g) = -9*j(g) + 2*s(g). Calculate k(2).
6
Let h be (-14)/42*(1 - 169). Suppose 46 = 17*v - h. Let l(b) be the second derivative of -b**5/20 + b**4/2 + b**3/6 - 3*b**2 - b. What is l(v)?
0
Let g(o) be the second derivative of 7*o**4/24 + 36*o**2 - 28*o. Let d(s) be the first derivative of g(s). What is d(-1)?
-7
Let f = -3018 + 3019. Let o(u) = -27*u**3 + u - 2. What is o(f)?
-28
Let q be (-31*(-4)/124)/((-2)/(-18)). Let u(a) = -a**2 + 6*a + 11. Let w(x) = -x**2 + 6*x + 11. Let j(t) = 3*u(t) - 2*w(t). Give j(q).
-16
Suppose 5*z - u = 89, -5*z - 5*u + 41 = -24. Let w(b) = -b**3 + 18*b**2 - 13*b - 68. Determine w(z).
0
Let k(q) = -3*q**3 - q**2 + 2*q. Let n(o) = 2*o**3 + 5*o**2 + 4*o. Let w(p) = -k(p) - n(p). Give w(5).
-5
Let v(f) = f**3 + f**2. Let o(t) = t**3 + 6*t**2 - 2*t + 2. Let w(c) = o(c) - 2*v(c). Let y = -19829 + 19832. Calculate w(y).
5
Let c be -5 - ((-13)/((-52)/(-24)) - -10). Let p(g) = -g**2 - 17*g - 11. Calculate p(c).
61
Let i(k) = 14 - 84*k - 14 + 77*k + 0. Determine i(3).
-21
Let h(f) be the first derivative of f**4/4 - 2*f**2 - 5*f - 913. Calculate h(-3).
-20
Let r(j) be the first derivative of -j**5/120 - j**4/8 + 38*j**3 + 131. Let b(c) be the third derivative of r(c). What is b(10)?
-13
Let q(k) be the first derivative of -k**3/3 - 5*k**2/2 - 10*k - 474. What is q(-9)?
-46
Let v be ((-100)/(-450))/((-1)/9). Let a(l) = 2*l**2 - l - 4. What is a(v)?
6
Let h(m) = 5*m**2 - 5*m - 8. Suppose 0 = -w + 5*u - 21, -15*w + 20*w = 2*u - 36. Let z(g) = -14*g**2 + 16*g + 23. Let b(t) = w*z(t) - 17*h(t). Determine b(-5).
28
Let f(w) = 463 + 17*w**2 - 463. Let j(x) = -x**3 - 3*x**2 + 26*x + 9. Let z be j(4). Determine f(z).
17
Let z(d) = -d**2 - 3*d + 1. Suppose 455 = -275*v + 184*v. Determine z(v).
-9
Let f(i) = -35*i**2 + 75*i - 44. Let r(m) = 39*m**2 - 78*m + 44. Let p(h) = -9*f(h) - 8*r(h). Determine p(16).
-4
Let y(o) = o**3 + 4*o**2 - 4. Let m(k) = -k**3 - 6*k**2 + 13*k - 18. Let q be m(-8). Let f(g) = 2*g**2 - 18*g + 32. Let l be f(q). Determine y(l).
-4
Let z(j) be the third derivative of -j**5/60 - j**4/8 + 32*j**2. What is z(-9)?
-54
Let q(k) = k**2 - 14*k + 10. Let d(c) = -c**3 - 35*c**2 + 24*c + 848. Let a be d(-35). What is q(a)?
-38
Let n(p) = p**2 + 2*p + 1. Let y(g) = -g**2 + 6*g - 3. Suppose -5*m + 5*t + 50 = 0, 3*m + 2 - 4 = -4*t. Let l be y(m). What is n(l)?
4
Let j(u) = 7*u**2 + 17*u - u**2 + 2 + 12*u + u**3 + 3 - 24*u. What is j(-5)?
5
Let c(w) = w**3 - 6*w**2 + 4*w - 14. Suppose -h + 4 = 63*x - 62*x, -7*x = 5*h - 28. Calculate c(x).
-30
Let c be (-18)/(-15)*20/6. Let x(s) = 0 + 3*s**2 + 0*s**2 + 7*s**2 + s**3 - c*s + 12 - 15*s**2. Give x(5).
-8
Suppose 835 - 2470 - 3835 = -1094*w. Let a(f) be the first derivative of -1 + 3/2*f**2 + 4*f. What is a(w)?
19
Let j(d) = -222*d + 4437. Let o be j(20). Let y(w) = -1 - 4*w**3 + 3*w**2 - 3 + 2*w + 5*w**3. What is y(o)?
-10
Suppose 0 = -4*u + 12, o - u - 5 = 5. Suppose o*j - 11*j = 4. Let f(l) = 4 + 5*l - 2*l - 2 + j*l. Calculate f(-2).
-8
Let r(l) = 3*l + 6. Let u be 0/(-4 + 1) + 3. Suppose 4*k = -3*c - 21, 4*c + u = -0*c + 3*k. What is r(c)?
-3
Let t(k) = 8*k**2 + 7*k + 86 - 49 - 2 - k**3 - 12 - 10. Suppose -2*g = q - 3 + 4, -4*q = -4*g - 56. Give t(q).
-5
Suppose 231 = -f + 3*g, f - 2*g = -g - 229. Let a = 156 + f. Let t = a + 68. Let c(m) = m**3 + 2*m**2 - 5*m - 3. Give c(t).
-15
Let p(y) = 4*y - 2. Let c = 23 + -15. Suppose 3*f - j = 3 + c, -19 = -5*f + 2*j. Let g(b) = -3*b + 2. Let t(d) = f*g(d) + 2*p(d). Give t(4).
-2
Let d(g) = 38*g - 51. Let a(z) = 11*z. Let x(n) = 3*a(n) - d(n). Give x(11).
-4
Let g(f) be the third derivative of -49*f**2 - 2/3*f**3 + 0*f**4 + 0*f + 2 + 1/120*f**6 - 1/30*f**5. Give g(3).
5
Let f(k) = k**2 - 6*k - 11. Let m be f(-3). Let t(l) = 7*l**3 + 8*l**3 + 2 - m*l**3. What is t(2)?
-6
Let f(w) = -4*w + 14. Let n(x) = 6*x - 25. Let m(k) = -5*f(k) - 3*n(k). Let a be 738/(-27) + (-2)/3. Let c = -33 - a. Calculate m(c).
-5
Suppose -693 = 225*m + 432. Let q(n) = -n**2 + 5*n - 1. Let u be q(4). Let y(l) = -l**u + 0*l**2 + 7 + 2*l**3 + 6*l**2 + 6*l. Determine y(m).
2
Suppose 4*s - 179 = -167. Let i(d) = 4 + 7 + 7*d + 0 - 5*d**2 - 89*d**s + 88*d**3. What is i(-6)?
5
Let m(u) = 13 - 4*u - 8 + 0*u + 5*u + 16. What is m(-20)?
1
Let k(f) = 6*f**2 + 10*f - 8. Suppose -175*p + 116*p = -59. What is k(p)?
8
Let l = 3403 + -3395. Let u(t) = t**3 - 6*t**2 - 16*t - 6. Give u(l).
-6
Suppose -72*w + 55*w = 255. Let q(m) = -m**3 - 15*m**2 - m - 1. Determine q(w).
14
Let f(h) = -4*h**2 - h - 1. Let p = 60 + -54. Suppose -3*y - 18 = -3*j, p*j = 5*y + 4*j + 18. Give f(y).
-15
Let g(j) be the third derivative of 1/12*j**4 + 0 - 3*j**2 + 7/6*j**3 + 0*j. Let n(r) = -6*r**2 - 65*r + 258. Let l be n(-14). Give g(l).
-9
Let q(l) = 2*l + 4. Let s = -265 - -267. Suppose 15*n - 10*n = -5*r, s*r + 5*n - 15 = 0. What is q(r)?
-6
Suppose 0 = -4*z + 5*n - 24, 0 = 25*z - 26*z - n - 6. Let h(p) = p**2 + 15*p + 82. Determine h(z).
28
Let z(r) = -2621*r**2 + 2632*r**2 + 4*r**3 - 18 + 8*r**3 - 11*r**3 - 2*r. Determine z(-11).
4
Let i(l) = -l**3 + l - 1. Let c(k) = -2*k**3 + 2*k**2 + 3*k - 1. Let j(a) = c(a) - 3*i(a). Suppose -14*n - 12 = 16. Calculate j(n).
2
Let f(n) = 526*n - 1 + 0 + 5 - 527*n + 0 + n**2. Let m(d) = -d**3 - 8*d**2 + 8*d - 9. Let r be m(-9). Give f(r).
4
Let m(c) = -c**3 + 8*c**2 - 3*c - 9. Let a(i) = 2*i**2 + 9*i + 12. Let u be a(-6). Let h = 50 - u. Suppose -3*r + h = n + n, n + 4*r = 15. Give m(n).
19
Let t(r) be the first derivative of r**3 - r**2/2 - 6*r - 3298. Determine t(-3).
24
Suppose 54*q - 4*z + 3294 = 59*q, -660 = -q - 2*z. Let r(s) = -3*s**2 - 8*s**2 - s**3 - 12*s - q + 660. Determine r(-10).
22
Let j(k) = -k**3 - 5*k**2 + 2*k + 8. Let g = -101 + 96. Let d be j(g). Let z(m) = 2 - 3*m**3 + 4*m**3 - 3*m - 3. Give z(d).
-3
Let a = 28 - 26. Let l be (-76)/(-18) + a/(-9). Let i(k) = -15*k + 3 - 74*k + 86*k. Determine i(l).
-9
Let y(g) = g + 1. Let z(j) be the second derivative of -13*j - 1/12*j**4 + 0 - 7*j**2 + 3/2*j**3. Let b be z(8). Give y(b).
-5
Let w = -6996 + 7003. Let a(h) = 2*h + 3. Let s(m) = m + 4. Let j(g) = 3*a(g) - 4*s(g). Determine j(w).
7
Let a(v) = 3*v - 21. Let b = 530 + -526. Suppose b*y = 26 - 6. Determine a(y).
-6
Let y(x) = 6*x + 1. Let r(k) = 8*k + 2. Let p(l) = 2*r(l) - 3*y(l). Let j be ((-90)/54)/((-1)/3). Calculate p(j).
-9
Let a(q) = -3 + 0 - 3*q**2 - 3*q + 2*q**2. Let b = 528 - 535. Let k be -1 + (-15 - b - -5). Give a(k).
-7
Let d be (23/115)/(3/15). Let s(a) = -15*a**3 - 2*a**2 + 2*a - 1. Determine s(d).
-16
Let y(j) be the second derivative of 9*j**3/2 - 585*j**2/2 - 1759*j - 2. What is y(22)?
9
Let i(f) = -2*f**2 - 5*f + 3. Let v = 223 + -98. Let j = v + -225. Let u = j + 96. Determine i(u).
-9
Let c(s) be the first derivative of 2*s**3/3 + 11*s**2/2 + 3*s - 639. Give c(-5).
-2
Let s = -174 + 171. Let h be (-10 + 5 + -4)/s. Let o(x) = -x**3 + 3*x**2 + x + 3. Determine o(h).
6
Let o(q) = -25*q**2 + 4*q - 8. Let g = 19609 - 19607. Determine o(g).
-100
Let l(t) = 7*t - 1. Let w(o) = -o**3 + 7*o**2 - 15*o + 1. Let y(g) = -g**2 + g + 1. Let q(a) = w(a) - 4*y(a). Let j be q(8). Let k = -39 + j. Determine l(k).
-15
Suppose -t = 2*a - 25, 96*t = 3*a + 101*t - 48. Let n(v) = -3*v + 33. Determine n(a).
0
Let z(b) = 29*b**2 - b - 2. Let t(g) = -58*g + 1623. Let l be t(28). Give z(l).
28
Let r(a) be the first derivative of 8*a**2 + 232*a + 1779. Give r(-14).
8
Let a(l) = -2*l**3 - 6*l**2 + 17*l - 12. Let c be a(2). Let r(k) = k**3 + 17*k**2 - 17*k + 21. Determine r(c).
3
Let k(n) be the second derivative of n**5/10 - n**4/4 - n**3/3 + n**2/2 - 1472*n. Give k(-2).
-23
Suppose -15 + 12 = h. Let y be 2/6*(h + 3). Suppose -5*j + 9*j + 16 = y. Let v(m) = 3*m - 2. Determine v(j).
-14
Let h(p) be the third derivative of -7/24*p**4 + 2/3*p**3 - 1/12*p**5 + 0 + 4*p + 1/120*p**6 + 8*p**2. What is h(6)?
-2
Let u(t) be the first derivative of -t**7/840 + t**6/36 - t**5/60 + t**4/6 - 5*t**3/3 - t + 124. Let b(m) be the third derivative of u(m). What is b(10)?
-16
Let u(c) = c**3 - 6*c**2 + 6*c - 2. Let g(s) = -2*s - 4. Let q(z) = -10*z + 161. Let a(l) = -g(l) + q(l). Let b be a(20). Give u(b).
3
Let s(c) = -